 (-45 - -47)?
6
6 + -7 - (1 + -3)
1
Calculate 2 + -1 + 2 + (14 - 15).
2
Evaluate 7 + (-3 - 0) - (25 + -22).
1
6 + -1 + (2 - (8 + -4))
3
Calculate -1 + -4 + (1 - 1) - -4.
-1
Evaluate -4 + (-3 - (-2 - 5)).
0
(-6 - ((-8 - -5) + 3)) + 11
5
Calculate 4 - ((3 - -5) + 9 + -9).
-4
Evaluate -4 - (-11 + 8 - 1).
0
What is the value of -2 + 7 + (-10 - 0)?
-5
What is the value of 12 + (-1 - 7) + -1 + -6?
-3
0 - 3 - (-133 + 135)
-5
What is 7 + -8 + 3 + 5?
7
What is the value of 5 + -15 - 4 - -7?
-7
Evaluate (-3 - (2 - 4)) + -2 + 2.
-1
What is the value of -2 + 2 - (0 - -5)?
-5
What is the value of (-1 - (-3 + 7)) + 1?
-4
What is -10 + (-9 - -19) + 5?
5
Evaluate 3 + 3 + (-4 - -3).
5
What is the value of -1 + (3 - (4 + 0))?
-2
Evaluate -1 + 4 + 0 + -7.
-4
Calculate 2 - ((11 - 4) + -4 + 0).
-1
What is the value of 1 + 3 + -8 + (3 - 1)?
-2
Calculate -4 - (-4 + 1 - 5).
4
(3 - (-1 - -3)) + (-15 - -18)
4
4 + (-9 - (-7 - 0))
2
What is (16 - 10) + (-10 - -1)?
-3
What is (-5 - 1 - -5) + 2?
1
Evaluate 2 + (-7 - (1 - 3)).
-3
Evaluate -5 - (-4 + 4 - 3).
-2
What is -3 - (1 + -1) - (2 - 0)?
-5
-4 - (-9 - 0) - 2
3
Evaluate -12 + (7 - 6 - (-9 + 4)).
-6
What is the value of 2 + 0 + 3 - (-6 + 10)?
1
What is 3 + 4 + -7 + 3?
3
What is the value of 0 - (-8 - (2 - 10))?
0
Calculate 3 + 10 + (2 - 10).
5
What is -8 - -19 - 13 - (4 + -1)?
-5
Evaluate 4 - (5 - (9 + -6)).
2
Calculate (1 - -6) + -35 + 26.
-2
What is the value of 3 - (-4 + 2 - -3 - 4)?
6
(-3 - (3 - 5) - 3) + 0
-4
56 - 59 - (0 + 1)
-4
Evaluate (4 - -2) + -3 + (-2 - -2).
3
What is 3 + 8 + -4 + 0 + 0?
7
Calculate 2 - (1 + -2 + 3).
0
What is 3 + -1 - (9 - 0 - 9)?
2
Calculate -7 + -5 + (4 - 0) + 3.
-5
What is (7 - 11) + 13 + -16?
-7
Evaluate -1 + 0 - (17 - (12 + 13)).
7
Calculate (-2 - 0) + 3 - 0.
1
Calculate 19 + -13 - (17 + -7).
-4
What is 13 - 12 - (6 + -1)?
-4
Calculate -14 + 12 + 8 - (8 - 0).
-2
Calculate (2 - -1) + -4 - 3.
-4
What is -3 - (-5 + 0 + (-2 - -3))?
1
What is 1 - -4 - (7 + -4)?
2
-6 - (-3 + 2 - (-3 + 3))
-5
-9 + (2 - 6) + (7 - -1)
-5
What is the value of 1 + -5 + -8 + 17 + -4?
1
What is the value of -4 - ((15 - 11) + -10)?
2
What is (-2 - (-5 + (-2 - -4))) + -3?
-2
Calculate 4 + (-2 + -1 - (0 - 3)).
4
7 + 0 + 1 + -4 + -6
-2
Evaluate 0 + -6 + 6 + 0.
0
What is the value of -3 - ((-1 - -5 - 8) + -1)?
2
(-7 - (-9 + 10)) + 12
4
What is the value of 25 + -6 + -7 - 3?
9
-3 + (1 - -3) + -4
-3
Evaluate 6 + -3 - 6 - -1.
-2
What is the value of -7 + 4 - -2 - (5 + -8)?
2
What is the value of 3 + 28 + -28 + (-1 - 1)?
1
What is the value of (-1 - 0) + (-7 - (-1 - 9))?
2
(-3 - -2) + -1 + (-1 - 0)
-3
What is 4 + (7 - 15) + 1 + -1?
-4
Evaluate -8 + 12 + (5 - 13).
-4
Calculate 2 + 2 + 0 + -3 + -3.
-2
What is the value of 29 + -37 + 2 + 4?
-2
Evaluate 1 + (-3 - 3 - -15) + -4.
6
What is the value of (3 + -2 - (0 + -2)) + 0?
3
What is 5 + (-9 - (-8 + 5))?
-1
What is the value of -5 - (-3 + 1 - 1)?
-2
Calculate 3 - (-3 + -1 + 7 - -3).
-3
What is 0 - (1 + 2 - 3) - -3?
3
Evaluate 6 - (2 + -4 + 8).
0
What is -8 - -7 - ((3 - 14) + 2)?
8
Evaluate -4 + (0 - -8) - 4.
0
Evaluate -11 - (-14 + 1 - -8).
-6
What is the value of -5 + -1 + -1 + 4 + 4?
1
Evaluate (-7 - -4 - -9) + -10 + 2.
-2
What is 1 - (1 - 8) - 5?
3
1 + -1 + 14 + -16
-2
(-6 - (-5 - 7)) + (0 - 6)
0
What is -7 + 5 - (-2 - -3 - 0)?
-3
What is the value of 2 + 0 - 5 - (-2 - 3)?
2
Evaluate -1 + -2 + (0 - (-3 + 2)).
-2
Evaluate -3 + -1 + -1 + (17 - 10).
2
What is (-3 + 6 - -10) + -22?
-9
Evaluate (-4 - -1) + 2 - -1.
0
-4 + -2 + 0 + 1 + 2
-3
What is -1 - -11 - (-5 + 15 + -4)?
4
-4 - (-5 - (0 + (3 - -1)))
5
Evaluate -7 + (-2 - -6) + (-1 - -8).
4
What is the value of (3 - (2 - -2)) + -1?
-2
Evaluate -5 + 1 - (5 + -6).
-3
What is -4 + 9 + (-2 - 8)?
-5
Evaluate (1 - 0) + -3 - (-6 - -5).
-1
What is the value of 2 + -8 - (-12 + 2 + 6)?
-2
Calculate 3 - ((1 - -9) + -1).
-6
What is -8 - -3 - (8 + -4 - 6)?
-3
What is (-5 - (-7 - (6 - 7))) + -2?
-1
What is the value of -13 - -7 - (12 - 14)?
-4
Evaluate -22 + 5 + 3 + 10.
-4
Evaluate (3 - 2) + -2 - -1.
0
6 + 3 + (0 - 1) - 4
4
What is (4 - (1 - -5) - -3) + 1?
2
-4 - 4 - -17 - 6
3
What is 0 + 0 + (-10 - -8)?
-2
Evaluate -5 + -2 - -5 - 2.
-4
Calculate (-5 - -1) + (-2 - (4 + -10)).
0
What is -1 - ((3 - 5) + 1)?
0
Evaluate -1 - -1 - (2 - 2) - -4.
4
What is the value of -2 - (-14 - -18) - (-6 - 2)?
2
What is the value of (-2 + 2 - (-1 + 3)) + 1?
-1
Evaluate 7 + -2 + -14 + 17.
8
-5 + -2 + 9 - (0 - -3)
-1
Evaluate -1 + -1 + -2 + 8.
4
What is 0 - 1 - (1 + (-6 - -2))?
2
Evaluate -9 + 4 - (-7 + 2).
0
Calculate -10 + 21 + 6 + -16.
1
2 + -2 + (10 - 5)
5
-3 + (-2 - (2 - 3)) + -6
-10
Evaluate -1 + 3 + -5 + (1 - 0).
-2
What is 9 - (7 - (-9 - -2))?
-5
3 + 8 + (-13 - -3)
1
-3 - 2 - (-1 + 4 + -2)
-6
What is the value of (-4 - 10) + 10 - 4?
-8
What is -1 + (-6 - (-4 - -4)) + 6?
-1
What is (-2 - 1) + 4 + 0?
1
What is -3 + (-2 - (-2 - 3))?
0
Evaluate 8 - 2 - (42 + -44).
8
Calculate -4 - (-11 - -18) - -9.
-2
What is 4 + 5 - (9 - (8 - 4))?
4
Calculate -9 + 11 + -14 + 10.
-2
Calculate 8 - 1 - (22 - 17).
2
What is the value of 1 + (-2 - 5) + 5 - -2?
1
Calculate -2 + -4 + 5 + (-4 - -2).
-3
What is 4 - 0 - ((-15 - -6) + 12)?
1
What is (-3 + 3 - -5) + -9 + 7?
3
1 - (5 + -3 + -1 - 4)
4
What is (2 - -4) + -5 + -1?
0
Calculate 13 + -11 + 3 + -11.
-6
What is the value of -13 + (9 - (-5 - -4))?
-3
6 - (-3 + 1 - -3) - 3
2
What is 1 + -1 + 33 + -33?
0
Calculate -1 + -1 + -2 - -2.
-2
Calculate 83 + -77 - (5 - -1).
0
Evaluate 0 + (-6 + 1 - (1 + -5)).
-1
What is 7 - 8 - (-1 + -4)?
4
(10 - 3 - 1) + -3 + 2
5
Evaluate 7 - (5 + -3 + 4).
1
7 + (-5 - -1 - (68 + -74))
9
Evaluate 11 - 9 - (5 - -1).
-4
What is (1 - -2 - 0) + (0 - -3)?
6
-10 - (-4 - (13 + -11))
-4
Evaluate (-3 - 1) + 0 + 8 - 7.
-3
What is the value of 3 - (-4 + 3 + 1 + 2)?
1
What is the value of -2 + -2 + (27 - 18)?
5
Evaluate (3 - 3) + -1 + -1.
-2
Evaluate (-7 - 0) + 6 + 5 + -1.
3
What is the value of -1 + -3 + 3 + 1 + -4?
-4
Calculate 1 + -1 - (-1 + 5).
-4
What is -5 - (-4 - -8 - 11)?
2
Calculate 3 - (3 + -4 + 3 + 1).
0
Calculate (-2 - 4) + 16 - (-1 - -5).
6
What is the value of 14 + (-22 - -11) + 6?
9
What is the value of 11 + -9 + (3 - -3)?
8
Evaluate 13 + -9 + -13 + 13.
4
What is -2 + -1 + 2 + (-3 - -2)?
-2
Calculate 1 + 2 - 5 - -3 - 0.
1
Calculate (-3 - -2 - -1) + 3 - 2.
1
What is -3 + (5 - 18 - -14)?
-2
6 + (-11 - 0) - 2
-7
What is the value of (-5 + 3 - -5) + -6 + -2?
-5
Calculate -2 + -12 - -12 - (-1 - -4).
-5
Evaluate -10 - (-5 + 0 + -4).
-1
What is the value of 14 + (-7 - (-3 - -4))?
6
What is -2 + (-7 - -5) + 5?
1
Calculate (-6 - -9) + (-3 - -2).
2
Calculate -1 - -2 - -4 - (19 - 14).
0
Calculate 5 + -2 - (8 - (4 + 0)).
-1
Calculate -17 + 19 - (-1 + 6).
-3
Calculate 2 - (-7 - (-19 + 3)).
-7
What is (4 - (4 - 3)) + (-10 - 1)?
-8
Calculate 6 + (9 - 16) + 2.
1
Calculate 15 + (-15 - 9) + 5.
-4
What is (0 - (-1 + 1)) + (-138 - -139)?
1
Evaluate 6 - (1 + 1 - -2).
2
Evaluate (-3 - -1) + 3 - 2.
-1
7 - (-5 + 8) - 9
-5
What is the value of -7 + 4 + (-6 - -10)?
1
What is the value of (-1 - 0) + (7 - -3) - 2?
7
Evaluate (-1 - 0) + 4 + -1.
2
What is the value of (-5 - -2) + 3 - (-4 + 2)?
2
Evaluate -5 + -11 + 16 + 1 + 1.
2
What is 0 - 2 - (0 + 1 + -3)?
0
What is the value of (-3 - -5) + -8 - (21 + -21)?
-6
Evaluate 9 + -4 + 2 + -1.
6
What is -1 - 1 - (-14 + -4 + 15)?
1
What is the value of (-6 - ((2 - -1) + -5)) + 0?
-4
What is -33 - -32 - (2 + (-7 - -4))?
0
(-3 - -4) + (3 - 1 - 7)
-4
4 - 2 - (9 - 1 - 4)
-2
What is -9 - -2 - -7 - -2?
2
What is (2 - 13) + -29 + 44?
4
What is the value of 5 + 2 + -15 + (-6 - -11)?
-3
What is (4 + -4 + -4 - -1) + 4?
1
What is 9 + 2 + (4 - 8)?
7
Evaluate -1 + 5 - (-4 + 3 + 0).
5
What is -1 - (-2 + 1) - (-69 - -70)?
-1
Calculate 0 + 0 + 9 + -13.
-4
Calculate (11 - 12) + -2 + 1 + -1.
-3
What is the value of -2 - -2 - (-12 - -16)?
-4
What is 1 + 2 - 2 - (-11 - -9)?
3
What is (-3 - -2) + -2 + 5 + -6?
-4
What is the value of -4 + (1 - (-1 + -4 + 3))?
-1
What is the value of -8 + (-7 - -14 - -2)?
1
What is 0 + 1 + (0 + -1 - 1)?
-1
What is 1 + 2 - (7 + 0 - 9)?
5
What is the value of -8 + (7 + (2 - 9) - -5)?
-3
What is the value of -1 + 9 + -12 - -1?
-3
Calculate (0 - 2) + 9 + 0 + -7.
0
Calculate 5 - (3 - 2 - (-2 + 1)).
3
-8 - (-10 + -1 + (13 - 9))
-1
What is -2 + 10 + (1 + -6 - -4)?
7
Evaluate -1 + 3